isor of 82 and 37433?
41
Calculate the greatest common divisor of 252 and 900.
36
Calculate the highest common factor of 556 and 605762.
278
Calculate the greatest common factor of 59822 and 98.
14
Calculate the highest common factor of 25 and 84025.
25
Calculate the highest common divisor of 28734 and 66.
6
What is the greatest common factor of 341 and 97743?
31
Calculate the highest common divisor of 22968 and 828.
36
Calculate the greatest common factor of 4559 and 131144.
97
What is the highest common divisor of 152 and 6802?
38
Calculate the greatest common divisor of 10450 and 17600.
550
Calculate the greatest common divisor of 429 and 222027.
39
What is the highest common factor of 51680 and 57?
19
Calculate the highest common factor of 13624 and 52.
52
What is the highest common factor of 12 and 2957472?
12
What is the greatest common factor of 918 and 1286577?
459
Calculate the highest common factor of 1595 and 67309.
319
Calculate the highest common divisor of 33770 and 3520.
110
Calculate the greatest common divisor of 24771 and 2829.
69
Calculate the highest common divisor of 1981 and 3696.
7
Calculate the highest common divisor of 49766 and 894.
298
Calculate the highest common factor of 187 and 400.
1
Calculate the highest common divisor of 84569 and 627.
19
What is the greatest common factor of 586040 and 390?
130
Calculate the highest common divisor of 1425 and 2035375.
475
Calculate the highest common divisor of 65949 and 208.
13
What is the highest common factor of 194859 and 189?
189
Calculate the greatest common factor of 4 and 718.
2
What is the greatest common factor of 36 and 5655834?
18
Calculate the highest common divisor of 1856 and 267496.
232
What is the highest common factor of 2230558 and 212?
106
Calculate the highest common divisor of 57134 and 106.
106
What is the greatest common divisor of 1714 and 2040517?
857
What is the greatest common factor of 150829 and 7?
7
Calculate the greatest common divisor of 206429 and 124.
31
Calculate the greatest common factor of 140 and 8306340.
140
Calculate the highest common factor of 1100 and 5900.
100
What is the highest common factor of 4745832 and 336?
168
Calculate the greatest common factor of 39 and 2343.
3
What is the highest common factor of 395 and 1173071?
79
Calculate the greatest common divisor of 1201205 and 3182.
1591
What is the highest common divisor of 39893 and 2009?
287
What is the highest common divisor of 3484 and 387796?
268
Calculate the greatest common factor of 999 and 59718.
111
What is the highest common divisor of 81 and 181161?
9
Calculate the greatest common factor of 210 and 148974.
42
Calculate the greatest common divisor of 46 and 13432.
46
What is the highest common factor of 105 and 72600?
15
What is the greatest common divisor of 1371395 and 5495?
785
What is the highest common factor of 27 and 91800?
27
Calculate the highest common factor of 98 and 3416182.
98
What is the highest common divisor of 220756 and 2748?
916
What is the greatest common factor of 44 and 508563?
11
Calculate the greatest common divisor of 387552 and 4752.
528
What is the highest common divisor of 35912415 and 341?
341
What is the highest common divisor of 10024 and 2912?
56
Calculate the highest common factor of 55539 and 216.
27
Calculate the greatest common factor of 13 and 158873.
13
Calculate the greatest common divisor of 1404423 and 3438.
1719
Calculate the greatest common factor of 1290 and 374358.
258
Calculate the highest common divisor of 3034 and 1558.
82
What is the greatest common divisor of 5715 and 461645?
635
What is the greatest common factor of 104454 and 3?
3
What is the highest common divisor of 1127 and 1770356?
161
Calculate the highest common factor of 380627 and 6968.
871
Calculate the highest common divisor of 11115 and 3249.
171
Calculate the greatest common divisor of 700 and 8204.
28
Calculate the greatest common factor of 7320 and 120.
120
What is the greatest common factor of 8 and 9740?
4
Calculate the highest common factor of 437 and 14076.
23
What is the highest common factor of 905 and 11815?
5
Calculate the highest common factor of 903 and 74433.
129
What is the highest common factor of 740 and 47860?
20
What is the highest common factor of 2142 and 2482?
34
What is the greatest common factor of 3172 and 122?
122
Calculate the highest common divisor of 2751 and 50304.
393
What is the greatest common divisor of 20532 and 3068?
236
Calculate the greatest common divisor of 580 and 93235.
145
Calculate the greatest common factor of 21545 and 310.
155
What is the greatest common divisor of 578 and 125936?
34
Calculate the greatest common factor of 2930 and 4759785.
1465
Calculate the highest common divisor of 510 and 48480.
30
Calculate the greatest common factor of 16 and 29696.
16
Calculate the highest common divisor of 812777 and 67.
67
Calculate the greatest common divisor of 3701 and 5.
1
Calculate the greatest common factor of 1648 and 338252.
412
What is the greatest common factor of 8959186 and 249?
83
What is the highest common divisor of 322 and 23758?
14
Calculate the greatest common divisor of 279 and 50976.
9
What is the highest common factor of 405 and 76905?
45
What is the greatest common divisor of 36789 and 33?
3
What is the greatest common divisor of 434 and 6398?
14
What is the highest common factor of 31 and 1339758?
31
Calculate the highest common divisor of 446509 and 45241.
1967
What is the greatest common divisor of 390 and 1911?
39
What is the greatest common divisor of 101760 and 318?
318
What is the greatest common factor of 2984 and 169342?
746
Calculate the highest common divisor of 118 and 1121.
59
What is the greatest common factor of 446080 and 40?
40
What is the highest common divisor of 101 and 1665086?
101
What is the highest common divisor of 100 and 26150?
50
What is the greatest common factor of 1771 and 14927?
253
What is the highest common divisor of 6487 and 1677?
13
Calculate the highest common factor of 391060 and 20.
20
Calculate the highest common factor of 3094190 and 1518.
506
Calculate the highest common divisor of 72 and 59928.
24
Calculate the highest common factor of 332 and 8881.
83
Calculate the greatest common factor of 1498 and 187678.
214
Calculate the highest common divisor of 2030225 and 34.
17
Calculate the highest common factor of 3471 and 23361.
39
What is the highest common factor of 674 and 113569?
337
What is the highest common divisor of 382527 and 171?
171
What is the highest common divisor of 459 and 2619?
27
Calculate the highest common divisor of 124 and 944.
4
Calculate the highest common factor of 113 and 322841.
113
What is the highest common factor of 458725 and 2177?
311
Calculate the highest common divisor of 389286 and 89.
89
What is the greatest common divisor of 3999 and 1677?
129
What is the highest common divisor of 7250 and 464?
58
What is the highest common divisor of 44 and 13860000?
44
What is the greatest common factor of 549 and 31476?
183
Calculate the greatest common divisor of 1121980 and 20.
20
What is the greatest common factor of 46373 and 11153?
587
Calculate the greatest common divisor of 30874 and 1204.
86
Calculate the highest common factor of 336 and 105210.
42
What is the greatest common factor of 781 and 190311?
11
What is the greatest common divisor of 28400 and 75?
25
What is the highest common factor of 57216 and 5504?
128
What is the greatest common factor of 897 and 181311?
39
What is the greatest common divisor of 406 and 22127?
203
Calculate the greatest common divisor of 86 and 103673.
43
What is the greatest common factor of 5032 and 259?
37
What is the highest common factor of 4674 and 79950?
246
What is the greatest common factor of 1736 and 25648?
56
What is the greatest common divisor of 30 and 506960?
10
Calculate the greatest common factor of 5412 and 6996.
132
Calculate the greatest common divisor of 53607 and 4173.
321
What is the greatest common divisor of 508 and 2034286?
254
What is the greatest common factor of 5558 and 2548?
14
Calculate the greatest common factor of 1792 and 14.
14
What is the greatest common factor of 408 and 13770?
102
What is the highest common divisor of 5952 and 24924?
372
Calculate the